). Suppose 130 + g = 2*t. What is the units digit of t?
2
Suppose -2*f = -6*f. Let t = 3 - f. Suppose 0 = 5*p + 3*m - 90, -2*p = -t*p + 2*m + 31. What is the tens digit of p?
2
Let j(f) = f + 2. Let g be j(-2). Suppose 2*m - 2*z = 122, -4*m - 5*z + 271 = -g*m. What is the tens digit of m?
6
What is the hundreds digit of 4 - (0 - -2)*-605?
2
Let l = 7 - 7. Suppose 4*k - 56 + l = 0. Suppose -k = -5*d + 41. What is the units digit of d?
1
Suppose -4*i = -5*i + 4*u + 23, -3*i = -u - 80. Suppose 0 = -j + 5*a + 2, 3*j = 3*a + 15 + i. What is the tens digit of j?
1
Let d be 87/8 + 3/24. Suppose 5*m + 25 = 5*k, -11*m + 7*m = -k + d. What is the units digit of k?
3
Let i be (-2)/(-6)*-427 - 8/(-24). What is the hundreds digit of -2 - (5/5 + i)?
1
Let d = 7410 + -4928. What is the tens digit of d?
8
Suppose -7*v - 448 = -1575. Let p = v - 111. What is the tens digit of p?
5
Let r(y) = y**3 - 3*y**2 + 4*y - 8. Let q be r(3). Suppose q*l - 7 = 5, 3*d = 4*l - 12. Suppose d = -k + 51 - 14. What is the units digit of k?
7
Suppose 398*d = 392*d + 12804. What is the hundreds digit of d?
1
Let k(u) = 2*u**2 - 12*u - 1. What is the hundreds digit of k(-12)?
4
Suppose 7*f = 4*f + 4*r, 2*r - 26 = -5*f. What is the tens digit of f/(-20)*-5*82?
8
Let k = 53 - 34. Let z(v) = -v**2 + 19*v + 26. Let t be z(k). Suppose 21*s + 220 = t*s. What is the tens digit of s?
4
Suppose 4*g + 15*s - 4762 = 13*s, -4*s + 3579 = 3*g. What is the units digit of g?
9
Let s = 940 + -604. What is the tens digit of s?
3
Let p(q) = q**3 - 12*q**2 + 207*q + 4. What is the thousands digit of p(9)?
1
Let b(u) = 128*u - 118. What is the tens digit of b(9)?
3
Let m(l) = 513*l**2 + 12*l + 7. What is the hundreds digit of m(-2)?
0
Suppose -8*f - 144 = 2144. Let u = f - -401. What is the units digit of u?
5
Suppose -124*t = -133*t + 6597. What is the tens digit of t?
3
Let j(u) = -u**2 - u + 1202. What is the units digit of j(0)?
2
Suppose 0 = 10*i - 9*i + 137. Let c = -35 - i. What is the tens digit of c?
0
Let n = -6103 + 10035. What is the hundreds digit of n?
9
Let m = -9 - -9. Suppose -g + 4 = 1, 5*w + g - 293 = m. What is the units digit of 2/10 - w/(-10)?
6
Let t = -1004 - -1972. What is the hundreds digit of t?
9
Let t(m) = m + 14. Let j be t(-6). Suppose 10*o - 184 = j*o. What is the units digit of o?
2
Let f(m) = -3*m**3 + 2*m**2 - 3*m - 4. Let p(d) = -8*d**3 + 7*d**2 - 9*d - 13. Let j(c) = 7*f(c) - 2*p(c). What is the units digit of j(-3)?
2
Let b(j) = j**3 + 2*j**2 - 3*j - 6. Let h be b(-2). Suppose 120 = c - 5*g - 0*g, -2*c - g + 229 = h. What is the units digit of c?
5
Let f(r) = r + 6. Let v(l) = 2*l - 8. Let x be v(4). Let h be f(x). Let s = 9 - h. What is the units digit of s?
3
Let b(v) = 4*v**3 - 29*v + 8. What is the hundreds digit of b(5)?
3
Let l = -10 + 1. Let g be l/18*(-9 - -1). Suppose 16 = -g*r, -n + 0*r = -2*r - 55. What is the tens digit of n?
4
Suppose 0*j = -3*j - g - 11, -2*g = 4*j + 18. What is the tens digit of j + 101 - (-2)/(-7)*7?
9
Suppose i = 2*i - 2*i. Suppose -t + n + 113 = i, 0 = -4*t - 3*n + n + 482. What is the hundreds digit of t?
1
Let l = -353 - -751. What is the hundreds digit of l?
3
Let n = 22 - 18. Let y be (1/n)/(7/56). Suppose 112 = 2*v + y*v. What is the units digit of v?
8
Let q(d) = 3*d - 27. Let x(p) = p - 9. Let n(o) = 2*q(o) - 7*x(o). Let b be (11/(198/48))/(2/(-6)). What is the units digit of n(b)?
7
What is the tens digit of ((-24)/(-30))/1 - 3453/(-15)?
3
Let m = -698 + 1233. What is the hundreds digit of m?
5
Suppose 2*q - q = 3*k - 977, 965 = 3*k + 5*q. What is the tens digit of k?
2
Let i(w) = w**3 - 19*w**2 - 23*w + 10. Let b be i(20). Let t = b + 214. What is the units digit of t?
4
What is the units digit of ((-694)/8)/(10/((-680)/17))?
7
Let a = -9 + 16. Let m(j) = j**3 - 7*j**2 + 3*j + 1. Let f be m(a). Suppose 4*w = -2*c + f, -3*c - 7 = 2*w - 4*w. What is the units digit of c?
1
Suppose -3*p = -7*p. Suppose p = -4*s + 134 + 78. What is the tens digit of s?
5
Suppose y - 10 = -y - 2*u, 2*y - 4*u + 8 = 0. Suppose 0 = -y*z - 2*z + 104. What is the units digit of z?
6
Suppose 3*m - 3738 = -3*l, -2*m + 2492 = -2*l - 3*l. Suppose 394 = -6*s + m. What is the units digit of s?
2
Let z(l) = 548*l + 271. What is the hundreds digit of z(6)?
5
Let y(p) = -9*p**3 + 25*p**2 - 21*p - 29. Let k(x) = 4*x**3 - 12*x**2 + 10*x + 14. Let b = 4 + -1. Let n(j) = b*y(j) + 7*k(j). What is the units digit of n(8)?
3
Let x(g) = -g - 9. Let m be x(-13). Suppose -m*w = -25 + 1. What is the units digit of w?
6
Suppose -4*u + 8*c - 11*c = -3654, -3*c = -2*u + 1818. What is the units digit of u?
2
Suppose -5*w = -7*w. Let j(f) = 2*f + 17. Let n be j(w). Let r = 22 - n. What is the units digit of r?
5
Let d(a) = 42*a - 63. What is the hundreds digit of d(16)?
6
Suppose -m + 2 = -3*m. Let q be 3/(-18) - m/6. Suppose q*j = 3*j - 45. What is the units digit of j?
5
Suppose 8*f - 3*f + 10 = -5*n, 0 = 2*f + 4. Suppose n = -7*j + 31 + 11. What is the units digit of j?
6
Suppose 5*t = -a + 3 + 5, 3*t = -5*a - 4. Suppose -q - 5*f + 27 = -t*q, -f = -5*q - 135. Let h = q + 57. What is the units digit of h?
0
Suppose 0 = 32*t + t - 63558. What is the units digit of t?
6
Let i(k) = -7*k**2 + 0*k**2 - 3 + 36*k + k**3 - 41*k. Let q be i(8). Suppose -20*l - 4 = -q*l. What is the units digit of l?
4
Let x(u) = -6*u**3 + 3*u**2 - u - 4. Let f(o) = -o**3 + o**2. Let r(g) = -5*f(g) + x(g). Suppose -16 = -2*a - 24. What is the tens digit of r(a)?
3
Let t = 186 - 71. What is the units digit of t?
5
Suppose 0 = -l + 87 + 69. What is the units digit of (50/15)/(8/l) - 2?
3
Let q(k) = 40*k**3 + 2*k + 2. Let z(a) = a - 2. Let j be z(1). Let x be q(j). What is the tens digit of (-32)/x + 166/5?
3
Suppose 0 = 100*p - 97*p - 138. What is the tens digit of p?
4
Let b = -170 - -480. What is the tens digit of b?
1
Suppose 4*v = 112 - 8. Let x = v + -28. What is the tens digit of (-116)/(-3) - x/(-3)?
3
Suppose -c = -5*c. Suppose 6*a - 2*a = c. Suppose a = -x - 1 + 15. What is the units digit of x?
4
Let l be (0 - 3)/((-6)/52). Suppose -9*b - 42 = -23*b. What is the tens digit of (-1 - b) + l - 3?
1
Let m = -27 + 43. Suppose m*v = 18*v - 198. What is the units digit of v?
9
Suppose -4*o = -23*o + 1064. What is the tens digit of o?
5
Let l be (-2 + 3)/((-3)/(-15)) - 2. Suppose 4*a = 3*c + 380, 4*c - 192 - 68 = -l*a. What is the units digit of a?
2
Let z be (-1 - -2)*1 - 1. Let k = 3 + 2. Suppose -k*t - 4*i = -0*t - 162, i + 2 = z. What is the tens digit of t?
3
Let a(l) = l**3 - 12*l**2 - 12*l + 9. Let d(m) = 12*m**3 + 2*m**2 - 1. Suppose i = 2*i - 1. Let q be d(i). What is the tens digit of a(q)?
2
Let a be -2*6/(-4) - 0. Suppose -11 = -2*v + 3*g, -a*g = 5*v + 3 + 1. Suppose b - v - 2 = 0. What is the units digit of b?
3
What is the hundreds digit of 98/(-70) + 1 - (-9414)/10?
9
Let a(f) = -158*f - 83. What is the hundreds digit of a(-4)?
5
What is the thousands digit of 40/(-300) - (-210522)/90?
2
Suppose 0 = 4*k - 24*k + 9600. What is the units digit of k?
0
Suppose 7*q - 130 = 12*q. Let x be (-2)/8 - q/8. Suppose -36 = -m - 2*w, 3*m = -x*w + 24 + 84. What is the units digit of m?
6
Suppose -2*a - 2*r + 16 = -4*r, 0 = -5*a - 5*r + 30. Suppose a*d = -0*d + 588. What is the tens digit of d?
8
Let l(a) = a**3 + 28*a**2 - 42*a + 220. What is the hundreds digit of l(-27)?
0
Let a(k) = -k**3 - 12*k**2 + 27*k - 5. Let s be a(-14). What is the tens digit of ((-390)/s)/(8/6 - 2)?
6
What is the tens digit of 15508/20 - (5 - (-92)/(-20))?
7
Let j = 19 - 3. Let g be (3/(-2))/(-3)*j. Suppose g = 3*a + 5*p - 47, -4*p = 3*a - 59. What is the tens digit of a?
2
Suppose 38 + 34 = -m. Let u be m/(-39) - (-2)/13. Suppose 0 = -4*q + j - 3*j + u, -3*q = -3*j - 15. What is the units digit of q?
2
Let y be (-2 + 6)*1/2. Suppose -141 = -2*r - 3*r + 2*p, -3*p + 64 = y*r. What is the tens digit of r?
2
Let w(v) = -2*v + 7. Let f be w(5). Let o be (-1)/(f/18 + 0). Suppose -11 - o = -n. What is the units digit of n?
7
Let f(w) = 2*w**2 + 27*w - 4. Let a be f(-13). Let u = a + 64. What is the units digit of u?
7
Let k = 107 + -68. Let o = -3 - -14. Let d = k - o. What is the units digit of d?
8
Let i(g) = -g**3 + 19*g**2 - 18*g + 14. Let u be -5 + (1 - 0) - -22. What is the tens digit of i(u)?
1
Suppose 3*j - 4*v 